ens digit of 578?
7
What is the tens digit of 44760?
6
What is the thousands digit of 3291?
3
What is the hundreds digit of 13725?
7
What is the thousands digit of 3039?
3
What is the units digit of 34564?
4
What is the units digit of 39569?
9
What is the hundreds digit of 1962?
9
What is the units digit of 1066?
6
What is the hundreds digit of 1116?
1
What is the hundreds digit of 1037?
0
What is the units digit of 501?
1
What is the tens digit of 122?
2
What is the thousands digit of 51026?
1
What is the units digit of 2628?
8
What is the ten thousands digit of 102340?
0
What is the units digit of 3393?
3
What is the tens digit of 6325?
2
What is the hundreds digit of 2279?
2
What is the ten thousands digit of 40865?
4
What is the units digit of 7924?
4
What is the hundreds digit of 321?
3
What is the thousands digit of 34220?
4
What is the units digit of 710?
0
What is the thousands digit of 1793?
1
What is the thousands digit of 2722?
2
What is the tens digit of 11190?
9
What is the thousands digit of 24007?
4
What is the thousands digit of 1359?
1
What is the hundreds digit of 17045?
0
What is the units digit of 666?
6
What is the ten thousands digit of 23732?
2
What is the units digit of 819?
9
What is the ten thousands digit of 21916?
2
What is the ten thousands digit of 54952?
5
What is the hundreds digit of 3807?
8
What is the units digit of 746?
6
What is the tens digit of 76763?
6
What is the hundreds digit of 71275?
2
What is the thousands digit of 1075?
1
What is the tens digit of 54968?
6
What is the units digit of 535?
5
What is the units digit of 39?
9
What is the hundreds digit of 2825?
8
What is the thousands digit of 17384?
7
What is the thousands digit of 5327?
5
What is the thousands digit of 1276?
1
What is the hundreds digit of 83563?
5
What is the thousands digit of 46420?
6
What is the ten thousands digit of 17055?
1
What is the tens digit of 1350?
5
What is the tens digit of 1133?
3
What is the tens digit of 4187?
8
What is the hundreds digit of 650?
6
What is the units digit of 2591?
1
What is the units digit of 13557?
7
What is the hundreds digit of 3621?
6
What is the thousands digit of 1565?
1
What is the units digit of 349?
9
What is the units digit of 3740?
0
What is the units digit of 37704?
4
What is the hundreds digit of 14471?
4
What is the units digit of 2314?
4
What is the units digit of 42079?
9
What is the thousands digit of 1342?
1
What is the hundreds digit of 10885?
8
What is the tens digit of 1554?
5
What is the ten thousands digit of 12264?
1
What is the hundreds digit of 119124?
1
What is the thousands digit of 20213?
0
What is the units digit of 13588?
8
What is the hundreds digit of 5381?
3
What is the units digit of 2791?
1
What is the tens digit of 753?
5
What is the thousands digit of 10946?
0
What is the units digit of 7556?
6
What is the thousands digit of 2118?
2
What is the tens digit of 13485?
8
What is the tens digit of 1012?
1
What is the tens digit of 14436?
3
What is the tens digit of 631?
3
What is the units digit of 12482?
2
What is the hundreds digit of 14003?
0
What is the hundreds digit of 871?
8
What is the tens digit of 49103?
0
What is the units digit of 667?
7
What is the tens digit of 99635?
3
What is the hundreds digit of 7959?
9
What is the hundreds digit of 6703?
7
What is the hundreds digit of 84850?
8
What is the thousands digit of 18228?
8
What is the tens digit of 27608?
0
What is the tens digit of 27?
2
What is the tens digit of 1163?
6
What is the tens digit of 24931?
3
What is the ten thousands digit of 12502?
1
What is the thousands digit of 6176?
6
What is the ten thousands digit of 62249?
6
What is the thousands digit of 7508?
7
What is the hundreds digit of 2892?
8
What is the hundreds digit of 333?
3
What is the units digit of 15802?
2
What is the ten thousands digit of 40445?
4
What is the thousands digit of 14272?
4
What is the units digit of 729?
9
What is the units digit of 1410?
0
What is the hundreds digit of 418?
4
What is the hundreds digit of 33255?
2
What is the units digit of 4550?
0
What is the units digit of 21167?
7
What is the thousands digit of 37482?
7
What is the tens digit of 80017?
1
What is the thousands digit of 25207?
5
What is the thousands digit of 1320?
1
What is the units digit of 771?
1
What is the units digit of 3486?
6
What is the units digit of 5466?
6
What is the tens digit of 29?
2
What is the thousands digit of 3273?
3
What is the units digit of 11144?
4
What is the tens digit of 2311?
1
What is the ten thousands digit of 136669?
3
What is the tens digit of 19526?
2
What is the units digit of 13728?
8
What is the tens digit of 1315?
1
What is the units digit of 41936?
6
What is the thousands digit of 3576?
3
What is the thousands digit of 53397?
3
What is the tens digit of 5545?
4
What is the units digit of 4279?
9
What is the units digit of 49?
9
What is the hundred thousands digit of 101357?
1
What is the units digit of 470?
0
What is the tens digit of 4785?
8
What is the tens digit of 1027?
2
What is the units digit of 1047?
7
What is the hundreds digit of 5531?
5
What is the tens digit of 136?
3
What is the thousands digit of 1029?
1
What is the units digit of 598?
8
What is the ten thousands digit of 73276?
7
What is the units digit of 36755?
5
What is the hundreds digit of 846?
8
What is the tens digit of 19027?
2
What is the units digit of 8078?
8
What is the hundreds digit of 1352?
3
What is the hundreds digit of 40365?
3
What is the ten thousands digit of 13631?
1
What is the ten thousands digit of 91017?
9
What is the units digit of 948?
8
What is the hundreds digit of 593?
5
What is the thousands digit of 5724?
5
What is the tens digit of 60017?
1
What is the thousands digit of 16498?
6
What is the units digit of 87?
7
What is the hundreds digit of 43128?
1
What is the tens digit of 493?
9
What is the tens digit of 3561?
6
What is the units digit of 1832?
2
What is the hundreds digit of 43354?
3
What is the thousands digit of 3810?
3
What is the thousands digit of 1007?
1
What is the units digit of 697?
7
What is the thousands digit of 26938?
6
What is the hundreds digit of 336?
3
What is the tens digit of 37904?
0
What is the thousands digit of 7692?
7
What is the thousands digit of 174028?
4
What is the thousands digit of 9035?
9
What is the thousands digit of 2798?
2
What is the thousands digit of 8975?
8
What is the units digit of 5247?
7
What is the thousands digit of 1259?
1
What is the tens digit of 312?
1
What is the thousands digit of 4035?
4
What is the thousands digit of 8272?
8
What is the units digit of 672?
2
What is the units digit of 774?
4
What is the units digit of 15?
5
What is the units digit of 1664?
4
What is the tens digit of 677?
7
What is the hundreds digit of 20886?
8
What is the hundreds digit of 94209?
2
What is the units digit of 95?
5
What is the ten thousands digit of 25970?
2
What is the thousands digit of 38292?
8
What is the hundreds digit of 269?
2
What is the units digit of 1779?
9
What is the tens digit of 3835?
3
What is the tens digit of 1427?
2
What is the hundreds digit of 1734?
7
What is the tens digit of 82301?
0
What is the tens digit of 6439?
3
What is the units digit of 96?
6
What is the hundreds digit of 745?
7
What is the units digit of 1335?
5
What is the thousands digit of 15559?
5
What is the thousands digit of 44166?
4
What is the tens digit of 73228?
2
What is the tens digit of 2303?
0
What is the thousands digit of 48551?
8
What is the thousands digit of 1946?
1
What is the units digit of 95931?
1
What is the thousands digit of 12898?
2
What is the hundreds digit of 8492?
4
What is the hundreds digit of 6124?
1
What is the units digit of 191?
1
What is the units digit of 26474?
4
What is the thousands digit of 92863?
2
What is the tens digit of 5427?
2
What is the hundreds digit of 62860?
8
What is the thousands digit of 12367?
2
What is the hundreds digit of 367?
3
What is the units digit of 64?
4
What is the hundreds digit of 9792?
7
What is the hundreds digit of 36295?
2
What is the ten thousands digit of 35142?
3
What is the units digit of 6847?
7
What is the tens digit of 152?
5
What is the thousands digit of 3565?
3
What is the thousands digit of 94652